{"id":16,"date":"2023-06-05T12:04:07","date_gmt":"2023-06-05T12:04:07","guid":{"rendered":"http:\/\/193.194.89.179\/wp_lrecits\/?page_id=16"},"modified":"2025-01-07T09:22:16","modified_gmt":"2025-01-07T09:22:16","slug":"equipes","status":"publish","type":"page","link":"https:\/\/lrecits.usthb.dz\/index.php\/equipes\/","title":{"rendered":"Equipes de recherche"},"content":{"rendered":"\n<blockquote class=\"wp-block-quote has-white-background-color has-background is-layout-flow wp-block-quote-is-layout-flow\">\n<ul class=\"has-pale-ocean-gradient-background has-background wp-block-list\">\n<li><a href=\".\/index.php\/equipes\/presentation\/\">Equipe 1 : Combinatoire, Arithm\u00e9tique et Informatique Th\u00e9orique (CATI)<\/a><\/li>\n<\/ul>\n\n\n\n<ul class=\"has-pale-ocean-gradient-background has-background wp-block-list\">\n<li><a href=\".\/index.php\/recherche-operationnelle-pour-le-transport-et-lordonnancement-en-productique-ro-top\/\">Equipe 2 : Recherche Op\u00e9rationnelle pour le Transport et l&#8217;ordonnancement en Productique (RO-TOP)<\/a><\/li>\n<\/ul>\n\n\n\n<ul class=\"has-pale-ocean-gradient-background has-background wp-block-list\">\n<li><a href=\"https:\/\/lrecits.usthb.dz\/index.php\/recherche-oparationnelle-pour-le-transport-et-lordonnancement-en-productique\/\">Equipe 3 : Combinatoire Enum\u00e9rative, Analytique, Probabiliste et Applications (CEAPA)<\/a><\/li>\n<\/ul>\n\n\n\n<ul class=\"has-pale-ocean-gradient-background has-background wp-block-list\">\n<li><a href=\".\/index.php\/series-temporelles-econometrie-et-probabilites\/\">Equipe 4 : S\u00e9ries Temporelles, Econom\u00e9trie et Probabilit\u00e9s(STEP)<\/a><\/li>\n<\/ul>\n\n\n\n<ul class=\"has-pale-ocean-gradient-background has-background wp-block-list\">\n<li><a href=\".\/index.php\/optimisation-a-objectifs-multiples-o2m\/\">Equipe 5 : Optimisation \u00e0 Objectifs Multiples (O2M)<\/a><\/li>\n<\/ul>\n<\/blockquote>\n","protected":false},"excerpt":{"rendered":"","protected":false},"author":1,"featured_media":0,"parent":0,"menu_order":0,"comment_status":"closed","ping_status":"closed","template":"","meta":{"footnotes":""},"class_list":["post-16","page","type-page","status-publish","hentry"],"_links":{"self":[{"href":"https:\/\/lrecits.usthb.dz\/index.php\/wp-json\/wp\/v2\/pages\/16","targetHints":{"allow":["GET"]}}],"collection":[{"href":"https:\/\/lrecits.usthb.dz\/index.php\/wp-json\/wp\/v2\/pages"}],"about":[{"href":"https:\/\/lrecits.usthb.dz\/index.php\/wp-json\/wp\/v2\/types\/page"}],"author":[{"embeddable":true,"href":"https:\/\/lrecits.usthb.dz\/index.php\/wp-json\/wp\/v2\/users\/1"}],"replies":[{"embeddable":true,"href":"https:\/\/lrecits.usthb.dz\/index.php\/wp-json\/wp\/v2\/comments?post=16"}],"version-history":[{"count":16,"href":"https:\/\/lrecits.usthb.dz\/index.php\/wp-json\/wp\/v2\/pages\/16\/revisions"}],"predecessor-version":[{"id":321,"href":"https:\/\/lrecits.usthb.dz\/index.php\/wp-json\/wp\/v2\/pages\/16\/revisions\/321"}],"wp:attachment":[{"href":"https:\/\/lrecits.usthb.dz\/index.php\/wp-json\/wp\/v2\/media?parent=16"}],"curies":[{"name":"wp","href":"https:\/\/api.w.org\/{rel}","templated":true}]}}