{"id":18,"date":"2023-06-05T12:04:07","date_gmt":"2023-06-05T12:04:07","guid":{"rendered":"http:\/\/193.194.89.179\/wp_lrecits\/?page_id=18"},"modified":"2025-01-15T09:37:28","modified_gmt":"2025-01-15T09:37:28","slug":"production","status":"publish","type":"page","link":"https:\/\/lrecits.usthb.dz\/index.php\/production\/","title":{"rendered":"Production"},"content":{"rendered":"\n<h2 class=\"wp-block-heading has-luminous-dusk-gradient-background has-background\">Bilan Triennal (2013-2015)<\/h2>\n\n\n\n<figure class=\"wp-block-table is-style-stripes\"><table class=\"has-blush-light-purple-gradient-background has-background\"><tbody><tr><th scope=\"row\">Publications dans des revues internationales<\/th><td>40<\/td><\/tr><tr><th scope=\"row\">Publications dans des revues nationales<\/th><td>8<\/td><\/tr><tr><th scope=\"row\">Conf\u00e9rences internationales<\/th><td>106<\/td><\/tr><tr><th scope=\"row\">Conf\u00e9rences nationales<\/th><td>36<\/td><\/tr><tr><th scope=\"row\">Soutenances de doctorat<\/th><td>4<\/td><\/tr><tr><th scope=\"row\">Soutenances d&#8217;habilitation<\/th><td>3<\/td><\/tr><tr><th scope=\"row\">Soutenances de magister<\/th><td>6<\/td><\/tr><\/tbody><\/table><\/figure>\n\n\n\n<ul class=\"wp-block-list\">\n<li>Plusieurs travaux sont communs \u00e0 plusieurs chercheurs.<\/li>\n\n\n\n<li>Les d\u00e9tails sont contenus dans les pages web des \u00e9quipes de recherche.<\/li>\n<\/ul>\n\n\n\n<hr class=\"wp-block-separator has-alpha-channel-opacity\"\/>\n\n\n\n<h2 class=\"wp-block-heading has-luminous-dusk-gradient-background has-background\">Ann\u00e9e 2016<\/h2>\n\n\n\n<figure class=\"wp-block-table is-style-stripes\"><table class=\"has-blush-bordeaux-gradient-background has-background\"><tbody><tr><th scope=\"row\">Publications dans des revues internationales<\/th><td>9<\/td><\/tr><tr><th scope=\"row\">Publications dans des revues nationales<\/th><td>7<\/td><\/tr><tr><th scope=\"row\">Conf\u00e9rences internationales<\/th><td>15<\/td><\/tr><tr><th scope=\"row\">Conf\u00e9rences nationales<\/th><td>22<\/td><\/tr><tr><th scope=\"row\">Soutenances de doctorat<\/th><td>8<\/td><\/tr><tr><th scope=\"row\">Soutenances d&#8217;habilitation<\/th><td>1<\/td><\/tr><tr><th scope=\"row\">Soutenances de magister<\/th><td>1<\/td><\/tr><\/tbody><\/table><\/figure>\n\n\n\n<ul class=\"wp-block-list\">\n<li>Plusieurs travaux sont communs \u00e0 plusieurs chercheurs.<\/li>\n\n\n\n<li>Les d\u00e9tails sont contenus dans les pages web des \u00e9quipes de recherche.<\/li>\n<\/ul>\n\n\n\n<hr class=\"wp-block-separator has-alpha-channel-opacity\"\/>\n\n\n\n<h2 class=\"wp-block-heading has-luminous-dusk-gradient-background has-background\">Ann\u00e9e 2017<\/h2>\n\n\n\n<figure class=\"wp-block-table is-style-stripes\"><table class=\"has-background\" style=\"background:linear-gradient(135deg,rgb(238,238,238) 0%,rgb(169,184,195) 36%)\"><tbody><tr><th scope=\"row\">Publications dans des revues internationales<\/th><td>17<\/td><\/tr><tr><th scope=\"row\">Publications dans des revues nationales<\/th><td>9<\/td><\/tr><tr><th scope=\"row\">Conf\u00e9rences internationales<\/th><td>11<\/td><\/tr><tr><th scope=\"row\">Conf\u00e9rences nationales<\/th><td>23<\/td><\/tr><tr><th scope=\"row\">Soutenances de doctorat<\/th><td>3<\/td><\/tr><tr><th scope=\"row\">Soutenances d&#8217;habilitation<\/th><td>0<\/td><\/tr><\/tbody><\/table><\/figure>\n\n\n\n<ul class=\"wp-block-list\">\n<li>Plusieurs travaux sont communs \u00e0 plusieurs chercheurs.<\/li>\n\n\n\n<li>Les d\u00e9tails sont contenus dans les pages web des \u00e9quipes de recherche.<\/li>\n<\/ul>\n\n\n\n<hr class=\"wp-block-separator has-alpha-channel-opacity\"\/>\n\n\n\n<h2 class=\"wp-block-heading has-luminous-dusk-gradient-background has-background\">Ann\u00e9e 2018<\/h2>\n\n\n\n<figure class=\"wp-block-table is-style-stripes\"><table class=\"has-background\" style=\"background:linear-gradient(135deg,rgb(2,3,129) 0%,rgb(40,116,252) 0%)\"><tbody><tr><th scope=\"row\">Publications dans des revues internationales<\/th><td>24<\/td><\/tr><tr><th scope=\"row\">Publications dans des revues nationales<\/th><td>9<\/td><\/tr><tr><th scope=\"row\">Conf\u00e9rences internationales<\/th><td>11<\/td><\/tr><tr><th scope=\"row\">Conf\u00e9rences nationales<\/th><td>39<\/td><\/tr><tr><th scope=\"row\">Soutenances de doctorat<\/th><td>10<\/td><\/tr><tr><th scope=\"row\">Soutenances d&#8217;habilitation<\/th><td>1<\/td><\/tr><\/tbody><\/table><\/figure>\n\n\n\n<ul class=\"wp-block-list\">\n<li>Plusieurs travaux sont communs \u00e0 plusieurs chercheurs.<\/li>\n\n\n\n<li>Les d\u00e9tails sont contenus dans les pages web des \u00e9quipes de recherche.<\/li>\n<\/ul>\n","protected":false},"excerpt":{"rendered":"<p>Bilan Triennal (2013-2015) Publications dans des revues internationales 40 Publications dans des revues nationales 8 Conf\u00e9rences internationales 106 Conf\u00e9rences nationales 36 Soutenances de doctorat 4 Soutenances d&#8217;habilitation 3 Soutenances de magister 6 Ann\u00e9e 2016 Publications dans des revues internationales 9 <span class=\"readmore\"><a href=\"https:\/\/lrecits.usthb.dz\/index.php\/production\/\">Continue Reading<\/a><\/span><\/p>\n","protected":false},"author":1,"featured_media":0,"parent":0,"menu_order":0,"comment_status":"closed","ping_status":"closed","template":"","meta":{"footnotes":""},"class_list":["post-18","page","type-page","status-publish","hentry"],"_links":{"self":[{"href":"https:\/\/lrecits.usthb.dz\/index.php\/wp-json\/wp\/v2\/pages\/18","targetHints":{"allow":["GET"]}}],"collection":[{"href":"https:\/\/lrecits.usthb.dz\/index.php\/wp-json\/wp\/v2\/pages"}],"about":[{"href":"https:\/\/lrecits.usthb.dz\/index.php\/wp-json\/wp\/v2\/types\/page"}],"author":[{"embeddable":true,"href":"https:\/\/lrecits.usthb.dz\/index.php\/wp-json\/wp\/v2\/users\/1"}],"replies":[{"embeddable":true,"href":"https:\/\/lrecits.usthb.dz\/index.php\/wp-json\/wp\/v2\/comments?post=18"}],"version-history":[{"count":5,"href":"https:\/\/lrecits.usthb.dz\/index.php\/wp-json\/wp\/v2\/pages\/18\/revisions"}],"predecessor-version":[{"id":373,"href":"https:\/\/lrecits.usthb.dz\/index.php\/wp-json\/wp\/v2\/pages\/18\/revisions\/373"}],"wp:attachment":[{"href":"https:\/\/lrecits.usthb.dz\/index.php\/wp-json\/wp\/v2\/media?parent=18"}],"curies":[{"name":"wp","href":"https:\/\/api.w.org\/{rel}","templated":true}]}}